(6). Let o(p) = 2*p + 1 - 3*p + 0 + 2*p. Let q(s) = -3*s - 4. Let l(n) = -2*o(n) - q(n). What is l(b)?
-2
Suppose -2*p - y = -9, -2*p + p = y - 7. Let l(x) = x + 2. Let u be l(2). Let a(q) = 1 - 5*q + 2*q**p - 3 + u*q. Determine a(2).
4
Let r(p) = -p**3 + p**2 - 4*p - 7. Let b(l) = -2*l**3 + l**2 - 8*l - 13. Let m(k) = 4*b(k) - 7*r(k). What is m(-2)?
1
Let h(u) = u + 3. Let k be h(0). Let a be 172/14 + (-4)/14. Suppose -q + 0*q = -l + 4, -a = k*q + l. Let y(w) = w**3 + 5*w**2 + 3*w + 2. Determine y(q).
6
Let u(p) = p**2 + 7*p + 6. Let m be u(-6). Suppose 9 = 4*v + h, 4*v + 4*h + h - 13 = m. Let y(f) = -4*f - 2. Determine y(v).
-10
Let o(h) = -h**3 + 2*h**2 + 2*h. Let g(z) = -4*z**3 + 2*z**2 - z. Let t be g(1). Let p be (0 - 1)/(t/6). Calculate o(p).
4
Let y(s) = -11*s - 1. Suppose 0 = -4*n - 2*i - 14, -6*i - 20 = -2*i. Calculate y(n).
10
Let z(k) = -k - 2. Let w(h) = -h - 2. Suppose 6 = -2*s - 3*j, -4*s - 1 = -j - 17. Let r(d) = s*w(d) - 2*z(d). What is r(4)?
-6
Let r be 6/(-15) + 6/(-10) + -1. Let g(v) = -v - 1. Give g(r).
1
Suppose -10 = -3*l + r + 4*r, 2*l + r + 2 = 0. Let g(z) = -z - 4. Determine g(l).
-4
Let k = 30 + -30. Let s(a) = -a - 6. What is s(k)?
-6
Let o(t) = 5*t**3 + 7*t**2 - 5*t - 2. Let a(z) = -6*z**3 - 7*z**2 + 6*z + 1. Let y(f) = -4*a(f) - 5*o(f). Calculate y(-7).
-1
Suppose i = 2*d - 1, 2 = 2*d - 2*i + 6. Let h(t) = -t**2 + 2*t**2 + 8 - 5 - t**d. What is h(0)?
3
Let j(c) = -13*c + 19. Let u(x) = 4*x - 6. Suppose -5 = i + 2. Let n(w) = i*u(w) - 2*j(w). Determine n(3).
-2
Let l(j) = -2*j**2 + 6*j. Suppose 5*m - 5 = 0, -3*m = 5*b + m - 24. What is l(b)?
-8
Let v be 6/(-4) - (-189)/42. Let d(l) = -l - 1. Suppose 3*z - 5 + 2 = 0. Let m(p) = -p + 1. Let s(k) = z*m(k) - 2*d(k). What is s(v)?
6
Suppose j - 8 = -4*h - j, -h + j = -2. Let o(t) = -5*t - 6 + 2 + h*t**2 + 6. Calculate o(3).
5
Let a(p) be the third derivative of p**5/60 - p**4/6 + 2*p**3/3 - 16*p**2. Give a(5).
9
Let b be -1 + -7 - (4 - 5). Let o(y) = -y**3 - 6*y**2 + 8*y + 9. What is o(b)?
2
Let q(g) = g**3 + 2*g**2 - 3*g - 4. Suppose 0 = 4*r - 0*r - 20, -4*o + 5*r - 41 = 0. Determine q(o).
-24
Let y(s) = 15*s - 6. Let a(m) = m**2 + 6*m + 7. Let n be a(-5). Let v(x) = n - 2*x - 1 + x. Let o(i) = -6*v(i) - y(i). What is o(1)?
-9
Let y = 5 + -5. Suppose -3*m - 2*g + 3 = y, 2*m + 5*g = -2 - 7. Let i(j) = 8*j + 8*j - 17*j. Determine i(m).
-3
Let s(h) = 2*h**2 - 3*h - 4. Suppose -5*g - 33 = -0*y - y, -3*g = 5*y + 31. Let v(m) = -m - 3. Let t be v(g). What is s(t)?
16
Suppose 3 = -n - 2*k + 9, -k = 2*n. Let f(r) = r**2 + 6*r + 3. Determine f(n).
-5
Let k(u) = -8*u**2 + u. Let p be k(1). Let h(g) = g**2 + 8*g + 10. Determine h(p).
3
Let y = 2 + 0. Let i(d) be the third derivative of 0 + 0*d + 1/12*d**4 + 0*d**3 + 1/60*d**5 - d**2 - 1/120*d**6. What is i(y)?
0
Suppose 6*y = y + 10. Let z(q) = 3*q - 6. Let u(w) = 1. Let l(b) = y*u(b) + z(b). What is l(3)?
5
Let k = -11 + 9. Let l(m) = -3*m**3 - 2*m - 5. Let j(i) = -i**3 + i**2 + i - 1. Let g(w) = k*j(w) + l(w). Suppose -x + 1 = -s, 4*x + 3 = s - 2. Give g(x).
5
Let i(v) = 3*v**3 + v**2 + v + 3. Suppose -4*x = -9 - 3. Let d(z) = 4*z**3 + z**2 + 2*z + 2. Let m(b) = x*i(b) - 2*d(b). Calculate m(0).
5
Let p(c) = 0*c + 3 - c + c**2 + 4*c. Let k(b) = -b**3 + 6*b**2 - 3*b - 3. Let h be k(5). Suppose -h*s - 4 = -5*s. Determine p(s).
1
Let y(g) = g**3 + 11*g**2 + 8*g + 11. Let d(c) = -c**3 + c + 1. Let i be d(0). Let u(p) = p**2 + 1. Let m(w) = i*y(w) - 4*u(w). Determine m(-6).
-5
Let u(p) be the third derivative of p**5/60 + p**4/24 - p**3/6 - 33*p**2. Calculate u(4).
19
Suppose 0 = -f + 5*f - 20. Let o(v) = 3*v - 2. Let i(l) = -4*l + 2. Let z(c) = f*o(c) + 4*i(c). What is z(-1)?
-1
Let y(o) = -o**3 - o - 10. Suppose 0 = -3*a + 2*u - 13 + 5, -4*a + 4 = u. Calculate y(a).
-10
Let b be (-3 - 1)*3/(-6). Suppose -4*r + 2*g = -0*g - 12, 5*r + b*g = 24. Let q(u) = 3*u**2 + 6*u - 4*u**2 - 2 - u**2. Determine q(r).
-10
Let l be 0/(((-12)/3)/4). Let n(v) = -v + 10 + l + 3. What is n(7)?
6
Let f(a) = -6*a + 2. Let c(q) = -31*q + 11. Let i(l) = 5*l + 7. Let n be i(-8). Let m(v) = n*f(v) + 6*c(v). What is m(-1)?
-12
Let b = 733 - 735. Let y(g) = 5*g**3 + g**2 - 4. Let n(r) = -4*r**3 - r**2 + r + 3. Let q(j) = 3*n(j) + 2*y(j). Give q(b).
7
Let k(p) = -p + 7. Let z be (2/4)/(3/48). Let w be k(z). Let a(h) = -11*h**2 - h - 1. Determine a(w).
-11
Let c(r) = r - 3. Let y(w) = 3*w**2 + 4*w + 6. Let x(z) = -z**2 + z - 1. Let i(f) = -2*x(f) - y(f). Let n be i(-3). What is c(n)?
2
Let w(c) = -c**3 + 4*c**2 + c - 2. Suppose -5*v + 0*v = -15. Suppose -q - 4*d + 18 = 0, q - v*d + 13 = 3. Calculate w(q).
8
Suppose 0 = f + 6 - 3. Let y(r) = r**2 - r. Let u(w) = -2*w**2 + w + 3. Let a(i) = u(i) + y(i). Determine a(f).
-6
Let t be ((-8)/5)/(6/(-15)). Suppose t*i + 4 - 20 = 0. Let c(f) = 3*f - 5. Determine c(i).
7
Let l(s) be the second derivative of s**5/20 + 5*s**4/12 + s**3 + s**2/2 + 17*s. What is l(-4)?
-7
Let z(c) = 4*c**3 + 6*c**2 + 15*c + 4. Let y(k) = 3*k**3 + 4*k**2 + 10*k + 3. Let f(p) = 7*y(p) - 5*z(p). Calculate f(4).
13
Suppose 0*v - 1 = -v. Let a(k) = k + 1. Calculate a(v).
2
Suppose j = 5*o - 18, -4*j + 7*j - 6 = 3*o. Let x(d) = -6*d + 5. Let n(v) = -11*v + 9. Let r(g) = j*x(g) - 4*n(g). Let p = 0 - -1. Calculate r(p).
1
Let v(p) = p - 2. Let o(y) = y - 6. Let q = 2 + 7. Let i be o(q). Determine v(i).
1
Let s(x) = x - 5. Let q be s(4). Let o(m) be the third derivative of 0 + 0*m**4 + 1/15*m**5 + 0*m + 0*m**3 + m**2. Calculate o(q).
4
Let q(g) = -4*g**3 - g**2 - g + 1. Let b(d) = -3*d - 17. Let y be b(-6). Determine q(y).
-5
Let x(f) = -8*f**2 - 14*f + 12. Let z(n) = -7*n**2 - 13*n + 11. Let w(j) = 6*x(j) - 7*z(j). Determine w(-8).
3
Let a(b) = 7*b**2 - 4*b - 2. Let i(g) = -8*g**2 + 5*g + 2. Let r(j) = 7*a(j) + 6*i(j). Calculate r(-3).
1
Let b = 3 + -4. Let l(p) be the first derivative of p**4/4 - p**2 - p - 5. Give l(b).
0
Let n(z) = -33*z + 14*z + 17*z - 1 + 5. Let p = -2 + 5. Calculate n(p).
-2
Let p(l) = l**3 + 3*l**2 - 2*l + 3. Let v be (8/(-6))/(4/(-6)). Suppose 0 = v*c - 0*c. Let g be c - (3/1)/1. Determine p(g).
9
Let z = -10 + 9. Let o(k) = -4*k - 1. Give o(z).
3
Let x(b) = b**3 + 5*b**2 - 5*b + 3. Suppose 2*y = -2*y - l - 29, 0 = -3*y - 3*l - 33. Calculate x(y).
-3
Let x(i) = 3*i + 0*i**3 + i**3 - 5*i**2 - 9 + 8. Calculate x(4).
-5
Let a(k) be the third derivative of -k**8/3360 + k**6/720 + k**5/12 - k**2. Let q(v) be the third derivative of a(v). Give q(-1).
-5
Let r(l) be the third derivative of -l**4/6 - 5*l**3/6 + 3*l**2. Let i(u) = -3*u - 4. Let h(x) = -5*i(x) + 4*r(x). Let a = 1 - 2. Determine h(a).
1
Suppose 0*k - 4 = k. Let m = k + 0. Let v = -9 - m. Let j(y) = y**3 + 6*y**2 + 5*y + 6. Calculate j(v).
6
Let g(j) = 2 + 5*j**2 - 5*j**2 - 4*j**2. Let h(u) be the second derivative of -u**4/6 + u**2/2 - 3*u. Let o(v) = -4*g(v) + 9*h(v). Determine o(-2).
-7
Let q(g) = -4*g - 1. Let w(j) = 0*j - j + 0*j. Let y(v) = -3*v**2 - 1. Let x be y(-1). Let z(p) = x*q(p) + 18*w(p). Calculate z(4).
-4
Suppose -3*m + 5 = 2*m. Let g = 2 + 0. Let u(q) = 4 + g*q + q - 4*q - 2. Determine u(m).
1
Let j = -2 + 8. Suppose j*r - 5*r = 2. Let u(v) = -2*v**2 - 6 + 4 + v + r. What is u(2)?
-6
Let f be 3*2 + -1*2. Let d(l) be the first derivative of l + 2 + l**2 + 4*l - f. Give d(-5).
-5
Let u(v) = -v**2 - v + 1. Let g(f) = 3*f**2 + 4*f + 2. Let q be g(-2). Let j be 5/(-15) + (-16)/q. What is u(j)?
-5
Let u(y) be the second derivative of y**2 + 0 + 2*y + 1/2*y**3. Give u(2).
8
Let b be 13*(-3 + 2 + 0). Let i = b + 7. Let j(m) = -2*m - 5. Give j(i).
7
Let s(f) = -14*f**3 + 2*f**2 - 10*f + 12. Let i(q) = -q**3 - q + 1. Let m(y) = 12*i(y) - s(y). Give m(2).
4
Let q(k) be the third derivative of -4*k**2 + 0 - 1/12*k**4 - 1/6*k**3 + 0*k. Give q(5).
-11
Let q(p) = p**3 - 2*p**2 + 2*p - 4. Let s be q(2). Let y(h) = h**2 + h + 6. Calculate y(s).
6
Let c(s) = -s**2 - 8*s - 9. Let q(o) = 7*o + 1. Suppose -5*j - 3 = 2. Let r be q(j). What is c(r)?
3
Let v(m) = -14*m + 7. Let b(k) = -5*k + 2. Let i(s) = 17*b(s) - 6*v(s). Let u = 11 + -15. Determine i(u).
-4
Let s be 46/14 + (-6)/21. Let z(v) = -v**s + 4*v**2 - 5*v**2 + 2 + 2*v**2 - 3. Calculate z(-1).
1
Let u = -20 + 20. Let i(m) = -m**2 + m - 2. Calculate i(u).
-2
Let c(x) = x - 4. Let u(y) = y**2 + 11*y + 21. Let o be